{"id":5370,"date":"2013-02-01T15:17:49","date_gmt":"2013-02-01T14:17:49","guid":{"rendered":"http:\/\/themes.swiftpsd.com\/supreme\/?page_id=5370"},"modified":"2013-02-01T15:17:49","modified_gmt":"2013-02-01T14:17:49","slug":"trziste","status":"publish","type":"page","link":"https:\/\/www.kvadrat.hr\/index.php\/trziste\/","title":{"rendered":"Tr\u017ei\u0161te"},"content":{"rendered":"<p>[blog title=&#8221;Tr\u017ei\u0161te&#8221; blog_type=&#8221;masonry&#8221; item_count=&#8221;10&#8243; category=&#8221;trziste&#8221; content_output=&#8221;excerpt&#8221; excerpt_length=&#8221;60&#8243; pagination=&#8221;yes&#8221; width=&#8221;1\/1&#8243; el_position=&#8221;first last&#8221;] [posts_carousel title=&#8221;Kvadrat Lab&#8221; item_count=&#8221;12&#8243; category=&#8221;kvadrat-lab&#8221; show_title=&#8221;yes&#8221; show_excerpt=&#8221;yes&#8221; show_details=&#8221;yes&#8221; shadow=&#8221;yes&#8221; excerpt_length=&#8221;16&#8243; width=&#8221;1\/1&#8243; el_position=&#8221;first last&#8221;]<\/p>\n","protected":false},"excerpt":{"rendered":"<p>[blog title=&#8221;Tr\u017ei\u0161te&#8221; blog_type=&#8221;masonry&#8221; item_count=&#8221;10&#8243; category=&#8221;trziste&#8221; content_output=&#8221;excerpt&#8221; excerpt_length=&#8221;60&#8243; pagination=&#8221;yes&#8221; width=&#8221;1\/1&#8243; el_position=&#8221;first last&#8221;] [posts_carousel title=&#8221;Kvadrat Lab&#8221; item_count=&#8221;12&#8243; category=&#8221;kvadrat-lab&#8221; show_title=&#8221;yes&#8221; show_excerpt=&#8221;yes&#8221; show_details=&#8221;yes&#8221; shadow=&#8221;yes&#8221; excerpt_length=&#8221;16&#8243; width=&#8221;1\/1&#8243; el_position=&#8221;first last&#8221;]<\/p>\n","protected":false},"author":1,"featured_media":0,"parent":0,"menu_order":0,"comment_status":"open","ping_status":"closed","template":"","meta":{"footnotes":""},"class_list":["post-5370","page","type-page","status-publish","hentry"],"_links":{"self":[{"href":"https:\/\/www.kvadrat.hr\/index.php\/wp-json\/wp\/v2\/pages\/5370","targetHints":{"allow":["GET"]}}],"collection":[{"href":"https:\/\/www.kvadrat.hr\/index.php\/wp-json\/wp\/v2\/pages"}],"about":[{"href":"https:\/\/www.kvadrat.hr\/index.php\/wp-json\/wp\/v2\/types\/page"}],"author":[{"embeddable":true,"href":"https:\/\/www.kvadrat.hr\/index.php\/wp-json\/wp\/v2\/users\/1"}],"replies":[{"embeddable":true,"href":"https:\/\/www.kvadrat.hr\/index.php\/wp-json\/wp\/v2\/comments?post=5370"}],"version-history":[{"count":0,"href":"https:\/\/www.kvadrat.hr\/index.php\/wp-json\/wp\/v2\/pages\/5370\/revisions"}],"wp:attachment":[{"href":"https:\/\/www.kvadrat.hr\/index.php\/wp-json\/wp\/v2\/media?parent=5370"}],"curies":[{"name":"wp","href":"https:\/\/api.w.org\/{rel}","templated":true}]}}